{"version":"1.0","provider_name":"Responsible Investment Association","provider_url":"https:\/\/www.riacanada.ca\/fr\/","author_name":"Editor","author_url":"https:\/\/www.riacanada.ca\/fr\/magazine\/author\/ria-editor\/","title":"Adelina Romanelli - Responsible Investment Association","type":"rich","width":600,"height":338,"html":"<blockquote class=\"wp-embedded-content\" data-secret=\"yBk229DBF1\"><a href=\"https:\/\/www.riacanada.ca\/fr\/author\/adelina-romanelli\/\">Adelina Romanelli<\/a><\/blockquote><iframe sandbox=\"allow-scripts\" security=\"restricted\" src=\"https:\/\/www.riacanada.ca\/fr\/author\/adelina-romanelli\/embed\/#?secret=yBk229DBF1\" width=\"600\" height=\"338\" title=\"\u00ab\u00a0Adelina Romanelli\u00a0\u00bb &#8212; Responsible Investment Association\" data-secret=\"yBk229DBF1\" frameborder=\"0\" marginwidth=\"0\" marginheight=\"0\" scrolling=\"no\" class=\"wp-embedded-content\"><\/iframe><script type=\"text\/javascript\">\n\/*! This file is auto-generated *\/\n!function(c,d){\"use strict\";var e=!1,o=!1;if(d.querySelector)if(c.addEventListener)e=!0;if(c.wp=c.wp||{},c.wp.receiveEmbedMessage);else if(c.wp.receiveEmbedMessage=function(e){var t=e.data;if(!t);else if(!(t.secret||t.message||t.value));else if(\/[^a-zA-Z0-9]\/.test(t.secret));else{for(var r,s,a,i=d.querySelectorAll('iframe[data-secret=\"'+t.secret+'\"]'),n=d.querySelectorAll('blockquote[data-secret=\"'+t.secret+'\"]'),o=new RegExp(\"^https?:$\",\"i\"),l=0;l<n.length;l++)n[l].style.display=\"none\";for(l=0;l<i.length;l++)if(r=i[l],e.source!==r.contentWindow);else{if(r.removeAttribute(\"style\"),\"height\"===t.message){if(1e3<(s=parseInt(t.value,10)))s=1e3;else if(~~s<200)s=200;r.height=s}if(\"link\"===t.message)if(s=d.createElement(\"a\"),a=d.createElement(\"a\"),s.href=r.getAttribute(\"src\"),a.href=t.value,!o.test(a.protocol));else if(a.host===s.host)if(d.activeElement===r)c.top.location.href=t.value}}},e)c.addEventListener(\"message\",c.wp.receiveEmbedMessage,!1),d.addEventListener(\"DOMContentLoaded\",t,!1),c.addEventListener(\"load\",t,!1);function t(){if(o);else{o=!0;for(var e,t,r,s=-1!==navigator.appVersion.indexOf(\"MSIE 10\"),a=!!navigator.userAgent.match(\/Trident.*rv:11\\.\/),i=d.querySelectorAll(\"iframe.wp-embedded-content\"),n=0;n<i.length;n++){if(!(r=(t=i[n]).getAttribute(\"data-secret\")))r=Math.random().toString(36).substr(2,10),t.src+=\"#?secret=\"+r,t.setAttribute(\"data-secret\",r);if(s||a)(e=t.cloneNode(!0)).removeAttribute(\"security\"),t.parentNode.replaceChild(e,t);t.contentWindow.postMessage({message:\"ready\",secret:r},\"*\")}}}}(window,document);\n<\/script>\n","thumbnail_url":"https:\/\/www.riacanada.ca\/content\/uploads\/2021\/07\/Adelina-Romanelli-headshot.jpg","thumbnail_width":200,"thumbnail_height":200,"description":"Adelina s\u2019est jointe \u00e0 Gestion d\u2019actifs PMSL inc. en 2020. Elle appuie la mise en \u0153uvre continue et l\u2019\u00e9volution des mesures touchant l\u2019int\u00e9gration des facteurs environnementaux, sociaux et de gouvernance (ESG). Adelina compte 18\u00a0ans d\u2019exp\u00e9rience dans le secteur, dont cinq ans de travail ax\u00e9 sur des initiatives reli\u00e9es aux facteurs\u00a0ESG."}

Adelina s’est jointe à Gestion d’actifs PMSL inc. en 2020. Elle appuie la mise en œuvre continue et l’évolution des mesures touchant l’intégration des facteurs environnementaux, sociaux et de gouvernance (ESG). Adelina compte 18 ans d’expérience dans le secteur, dont cinq ans de travail axé sur des initiatives reliées aux facteurs ESG.
