{"id":57635,"date":"2021-10-27T09:48:46","date_gmt":"2021-10-27T13:48:46","guid":{"rendered":"https:\/\/www.riacanada.ca\/?page_id=57635"},"modified":"2021-10-27T09:48:46","modified_gmt":"2021-10-27T13:48:46","slug":"caroline-le-meaux","status":"publish","type":"page","link":"https:\/\/www.riacanada.ca\/fr\/caroline-le-meaux\/","title":{"rendered":"Caroline Le Meaux"},"content":{"rendered":"<p><img decoding=\"async\" loading=\"lazy\" class=\"wp-image-57636 aligncenter\" src=\"https:\/\/www.riacanada.ca\/content\/uploads\/2021\/10\/Caroline-LeMeaux.jpg\" alt=\"\" width=\"215\" height=\"215\" srcset=\"https:\/\/www.riacanada.ca\/content\/uploads\/2021\/10\/Caroline-LeMeaux.jpg 3858w, https:\/\/www.riacanada.ca\/content\/uploads\/2021\/10\/Caroline-LeMeaux-150x150.jpg 150w, https:\/\/www.riacanada.ca\/content\/uploads\/2021\/10\/Caroline-LeMeaux-500x500.jpg 500w, https:\/\/www.riacanada.ca\/content\/uploads\/2021\/10\/Caroline-LeMeaux-768x768.jpg 768w, https:\/\/www.riacanada.ca\/content\/uploads\/2021\/10\/Caroline-LeMeaux-1000x1000.jpg 1000w, https:\/\/www.riacanada.ca\/content\/uploads\/2021\/10\/Caroline-LeMeaux-1920x1920.jpg 1920w\" sizes=\"(max-width: 215px) 100vw, 215px\" \/><\/p>\n<p style=\"text-align: center;\"><strong>Responsable de la Recherche ESG, de l\u2019engagement<br \/>\n<\/strong><strong>actionnarial et de la politique de vote d\u2019Amundi<\/strong><\/p>\n<p style=\"text-align: left;\">Caroline Le Meaux a rejoint Amundi le 1er juillet 2019 et prend la responsabilit\u00e9 de l\u2019\u00e9quipe Recherche, engagement et vote ESG. Elle \u00e9tait auparavant responsable des investissements long terme au sein de la direction des retraites et de la solidarit\u00e9 de la Caisse des D\u00e9p\u00f4ts et Consignations (CDC) qui est le gestionnaire fiduciaire de plusieurs fonds de pension fran\u00e7ais dont l\u2019Ircantec et le RAVGDT. Elle \u00e9tait notamment en charge de la strat\u00e9gie ISR, de l\u2019ESG et de la politique climatique. Auparavant, elle a \u00e9t\u00e9 directrice des investissements au FRR Fonds de R\u00e9serves des Retraites de 2011 \u00e0 2014. Elle \u00e9tait auparavant gestionnaire de fonds \u00e0 la BNPPAM, g\u00e9rant des actions europ\u00e9ennes de petites et moyennes capitalisations, et a \u00e9t\u00e9 responsable de l\u2019analyse quantitative des actions europ\u00e9ennes.<\/p>\n<p style=\"text-align: left;\">Caroline Le Meaux a d\u00e9but\u00e9 sa carri\u00e8re chez Paribas Asset Management\u2009; elle est CFA (Chartered Financial Analyst) et est dipl\u00f4m\u00e9e de l\u2019Universit\u00e9 Paris IX Dauphine.<\/p>\n","protected":false},"excerpt":{"rendered":"<p>Responsable de la Recherche ESG, de l\u2019engagement actionnarial et de la politique de vote d\u2019Amundi Caroline Le Meaux a rejoint Amundi le 1er juillet 2019 et prend la responsabilit\u00e9 de l\u2019\u00e9quipe Recherche, engagement et vote ESG. Elle \u00e9tait auparavant responsable des investissements long terme au sein de la direction des retraites et de la solidarit\u00e9 [&hellip;]<\/p>\n","protected":false},"author":7472,"featured_media":0,"parent":0,"menu_order":0,"comment_status":"closed","ping_status":"closed","template":"","meta":{"footnotes":""},"acf":[],"yoast_head":"<!-- This site is optimized with the Yoast SEO plugin v21.0 - https:\/\/yoast.com\/wordpress\/plugins\/seo\/ -->\n<title>Caroline Le Meaux - Responsible Investment Association<\/title>\n<meta name=\"robots\" content=\"index, follow, max-snippet:-1, max-image-preview:large, max-video-preview:-1\" \/>\n<link rel=\"canonical\" href=\"https:\/\/www.riacanada.ca\/fr\/caroline-le-meaux\/\" \/>\n<meta property=\"og:locale\" content=\"fr_FR\" \/>\n<meta property=\"og:type\" content=\"article\" \/>\n<meta property=\"og:title\" content=\"Caroline Le Meaux - Responsible Investment Association\" \/>\n<meta property=\"og:description\" content=\"Responsable de la Recherche ESG, de l\u2019engagement actionnarial et de la politique de vote d\u2019Amundi Caroline Le Meaux a rejoint Amundi le 1er juillet 2019 et prend la responsabilit\u00e9 de l\u2019\u00e9quipe Recherche, engagement et vote ESG. Elle \u00e9tait auparavant responsable des investissements long terme au sein de la direction des retraites et de la solidarit\u00e9 [&hellip;]\" \/>\n<meta property=\"og:url\" content=\"https:\/\/www.riacanada.ca\/fr\/caroline-le-meaux\/\" \/>\n<meta property=\"og:site_name\" content=\"Responsible Investment Association\" \/>\n<meta property=\"og:image\" content=\"https:\/\/www.riacanada.ca\/content\/uploads\/2021\/10\/Caroline-LeMeaux.jpg\" \/>\n<meta name=\"twitter:card\" content=\"summary_large_image\" \/>\n<meta name=\"twitter:label1\" content=\"Dur\u00e9e de lecture estim\u00e9e\" \/>\n\t<meta name=\"twitter:data1\" content=\"1 minute\" \/>\n<script type=\"application\/ld+json\" class=\"yoast-schema-graph\">{\"@context\":\"https:\/\/schema.org\",\"@graph\":[{\"@type\":\"WebPage\",\"@id\":\"https:\/\/www.riacanada.ca\/fr\/caroline-le-meaux\/\",\"url\":\"https:\/\/www.riacanada.ca\/fr\/caroline-le-meaux\/\",\"name\":\"Caroline Le Meaux - Responsible Investment Association\",\"isPartOf\":{\"@id\":\"https:\/\/www.riacanada.ca\/fr\/#website\"},\"datePublished\":\"2021-10-27T13:48:46+00:00\",\"dateModified\":\"2021-10-27T13:48:46+00:00\",\"breadcrumb\":{\"@id\":\"https:\/\/www.riacanada.ca\/fr\/caroline-le-meaux\/#breadcrumb\"},\"inLanguage\":\"fr-FR\",\"potentialAction\":[{\"@type\":\"ReadAction\",\"target\":[\"https:\/\/www.riacanada.ca\/fr\/caroline-le-meaux\/\"]}]},{\"@type\":\"BreadcrumbList\",\"@id\":\"https:\/\/www.riacanada.ca\/fr\/caroline-le-meaux\/#breadcrumb\",\"itemListElement\":[{\"@type\":\"ListItem\",\"position\":1,\"name\":\"Home\",\"item\":\"https:\/\/www.riacanada.ca\/fr\/\"},{\"@type\":\"ListItem\",\"position\":2,\"name\":\"Caroline Le Meaux\"}]},{\"@type\":\"WebSite\",\"@id\":\"https:\/\/www.riacanada.ca\/fr\/#website\",\"url\":\"https:\/\/www.riacanada.ca\/fr\/\",\"name\":\"Responsible Investment Association\",\"description\":\"Canada&#039;s membership network for responsible investment\",\"potentialAction\":[{\"@type\":\"SearchAction\",\"target\":{\"@type\":\"EntryPoint\",\"urlTemplate\":\"https:\/\/www.riacanada.ca\/fr\/?s={search_term_string}\"},\"query-input\":\"required name=search_term_string\"}],\"inLanguage\":\"fr-FR\"}]}<\/script>\n<!-- \/ Yoast SEO plugin. -->","yoast_head_json":{"title":"Caroline Le Meaux - Responsible Investment Association","robots":{"index":"index","follow":"follow","max-snippet":"max-snippet:-1","max-image-preview":"max-image-preview:large","max-video-preview":"max-video-preview:-1"},"canonical":"https:\/\/www.riacanada.ca\/fr\/caroline-le-meaux\/","og_locale":"fr_FR","og_type":"article","og_title":"Caroline Le Meaux - Responsible Investment Association","og_description":"Responsable de la Recherche ESG, de l\u2019engagement actionnarial et de la politique de vote d\u2019Amundi Caroline Le Meaux a rejoint Amundi le 1er juillet 2019 et prend la responsabilit\u00e9 de l\u2019\u00e9quipe Recherche, engagement et vote ESG. Elle \u00e9tait auparavant responsable des investissements long terme au sein de la direction des retraites et de la solidarit\u00e9 [&hellip;]","og_url":"https:\/\/www.riacanada.ca\/fr\/caroline-le-meaux\/","og_site_name":"Responsible Investment Association","og_image":[{"url":"https:\/\/www.riacanada.ca\/content\/uploads\/2021\/10\/Caroline-LeMeaux.jpg"}],"twitter_card":"summary_large_image","twitter_misc":{"Dur\u00e9e de lecture estim\u00e9e":"1 minute"},"schema":{"@context":"https:\/\/schema.org","@graph":[{"@type":"WebPage","@id":"https:\/\/www.riacanada.ca\/fr\/caroline-le-meaux\/","url":"https:\/\/www.riacanada.ca\/fr\/caroline-le-meaux\/","name":"Caroline Le Meaux - Responsible Investment Association","isPartOf":{"@id":"https:\/\/www.riacanada.ca\/fr\/#website"},"datePublished":"2021-10-27T13:48:46+00:00","dateModified":"2021-10-27T13:48:46+00:00","breadcrumb":{"@id":"https:\/\/www.riacanada.ca\/fr\/caroline-le-meaux\/#breadcrumb"},"inLanguage":"fr-FR","potentialAction":[{"@type":"ReadAction","target":["https:\/\/www.riacanada.ca\/fr\/caroline-le-meaux\/"]}]},{"@type":"BreadcrumbList","@id":"https:\/\/www.riacanada.ca\/fr\/caroline-le-meaux\/#breadcrumb","itemListElement":[{"@type":"ListItem","position":1,"name":"Home","item":"https:\/\/www.riacanada.ca\/fr\/"},{"@type":"ListItem","position":2,"name":"Caroline Le Meaux"}]},{"@type":"WebSite","@id":"https:\/\/www.riacanada.ca\/fr\/#website","url":"https:\/\/www.riacanada.ca\/fr\/","name":"Responsible Investment Association","description":"Canada&#039;s membership network for responsible investment","potentialAction":[{"@type":"SearchAction","target":{"@type":"EntryPoint","urlTemplate":"https:\/\/www.riacanada.ca\/fr\/?s={search_term_string}"},"query-input":"required name=search_term_string"}],"inLanguage":"fr-FR"}]}},"_links":{"self":[{"href":"https:\/\/www.riacanada.ca\/fr\/wp-json\/wp\/v2\/pages\/57635"}],"collection":[{"href":"https:\/\/www.riacanada.ca\/fr\/wp-json\/wp\/v2\/pages"}],"about":[{"href":"https:\/\/www.riacanada.ca\/fr\/wp-json\/wp\/v2\/types\/page"}],"author":[{"embeddable":true,"href":"https:\/\/www.riacanada.ca\/fr\/wp-json\/wp\/v2\/users\/7472"}],"replies":[{"embeddable":true,"href":"https:\/\/www.riacanada.ca\/fr\/wp-json\/wp\/v2\/comments?post=57635"}],"version-history":[{"count":2,"href":"https:\/\/www.riacanada.ca\/fr\/wp-json\/wp\/v2\/pages\/57635\/revisions"}],"predecessor-version":[{"id":57668,"href":"https:\/\/www.riacanada.ca\/fr\/wp-json\/wp\/v2\/pages\/57635\/revisions\/57668"}],"wp:attachment":[{"href":"https:\/\/www.riacanada.ca\/fr\/wp-json\/wp\/v2\/media?parent=57635"}],"curies":[{"name":"wp","href":"https:\/\/api.w.org\/{rel}","templated":true}]}}

<p><img decoding="async" loading="lazy" class="wp-image-57636 aligncenter" src="https://www.riacanada.ca/content/uploads/2021/10/Caroline-LeMeaux.jpg" alt="" width="215" height="215" srcset="https://www.riacanada.ca/content/uploads/2021/10/Caroline-LeMeaux.jpg 3858w, https://www.riacanada.ca/content/uploads/2021/10/Caroline-LeMeaux-150x150.jpg 150w, https://www.riacanada.ca/content/uploads/2021/10/Caroline-LeMeaux-500x500.jpg 500w, https://www.riacanada.ca/content/uploads/2021/10/Caroline-LeMeaux-768x768.jpg 768w, https://www.riacanada.ca/content/uploads/2021/10/Caroline-LeMeaux-1000x1000.jpg 1000w, https://www.riacanada.ca/content/uploads/2021/10/Caroline-LeMeaux-1920x1920.jpg 1920w" sizes="(max-width: 215px) 100vw, 215px" /></p>
<p style="text-align: center;"><strong>Responsable de la Recherche ESG, de l’engagement<br />
</strong><strong>actionnarial et de la politique de vote d’Amundi</strong></p>
<p style="text-align: left;">Caroline Le Meaux a rejoint Amundi le 1er juillet 2019 et prend la responsabilité de l’équipe Recherche, engagement et vote ESG. Elle était auparavant responsable des investissements long terme au sein de la direction des retraites et de la solidarité de la Caisse des Dépôts et Consignations (CDC) qui est le gestionnaire fiduciaire de plusieurs fonds de pension français dont l’Ircantec et le RAVGDT. Elle était notamment en charge de la stratégie ISR, de l’ESG et de la politique climatique. Auparavant, elle a été directrice des investissements au FRR Fonds de Réserves des Retraites de 2011 à 2014. Elle était auparavant gestionnaire de fonds à la BNPPAM, gérant des actions européennes de petites et moyennes capitalisations, et a été responsable de l’analyse quantitative des actions européennes.</p>
<p style="text-align: left;">Caroline Le Meaux a débuté sa carrière chez Paribas Asset Management ; elle est CFA (Chartered Financial Analyst) et est diplômée de l’Université Paris IX Dauphine.</p>

<p>Responsable de la Recherche ESG, de l’engagement actionnarial et de la politique de vote d’Amundi Caroline Le Meaux a rejoint Amundi le 1er juillet 2019 et prend la responsabilité de l’équipe Recherche, engagement et vote ESG. Elle était auparavant responsable des investissements long terme au sein de la direction des retraites et de la solidarité [&hellip;]</p>

<!-- This site is optimized with the Yoast SEO plugin v21.0 - https://yoast.com/wordpress/plugins/seo/ -->
<title>Caroline Le Meaux - Responsible Investment Association</title>
<meta name="robots" content="index, follow, max-snippet:-1, max-image-preview:large, max-video-preview:-1" />
<link rel="canonical" href="https://www.riacanada.ca/fr/caroline-le-meaux/" />
<meta property="og:locale" content="fr_FR" />
<meta property="og:type" content="article" />
<meta property="og:title" content="Caroline Le Meaux - Responsible Investment Association" />
<meta property="og:description" content="Responsable de la Recherche ESG, de l’engagement actionnarial et de la politique de vote d’Amundi Caroline Le Meaux a rejoint Amundi le 1er juillet 2019 et prend la responsabilité de l’équipe Recherche, engagement et vote ESG. Elle était auparavant responsable des investissements long terme au sein de la direction des retraites et de la solidarité [&hellip;]" />
<meta property="og:url" content="https://www.riacanada.ca/fr/caroline-le-meaux/" />
<meta property="og:site_name" content="Responsible Investment Association" />
<meta property="og:image" content="https://www.riacanada.ca/content/uploads/2021/10/Caroline-LeMeaux.jpg" />
<meta name="twitter:card" content="summary_large_image" />
<meta name="twitter:label1" content="Durée de lecture estimée" />
	<meta name="twitter:data1" content="1 minute" />
<script type="application/ld+json" class="yoast-schema-graph">{"@context":"https://schema.org","@graph":[{"@type":"WebPage","@id":"https://www.riacanada.ca/fr/caroline-le-meaux/","url":"https://www.riacanada.ca/fr/caroline-le-meaux/","name":"Caroline Le Meaux - Responsible Investment Association","isPartOf":{"@id":"https://www.riacanada.ca/fr/#website"},"datePublished":"2021-10-27T13:48:46+00:00","dateModified":"2021-10-27T13:48:46+00:00","breadcrumb":{"@id":"https://www.riacanada.ca/fr/caroline-le-meaux/#breadcrumb"},"inLanguage":"fr-FR","potentialAction":[{"@type":"ReadAction","target":["https://www.riacanada.ca/fr/caroline-le-meaux/"]}]},{"@type":"BreadcrumbList","@id":"https://www.riacanada.ca/fr/caroline-le-meaux/#breadcrumb","itemListElement":[{"@type":"ListItem","position":1,"name":"Home","item":"https://www.riacanada.ca/fr/"},{"@type":"ListItem","position":2,"name":"Caroline Le Meaux"}]},{"@type":"WebSite","@id":"https://www.riacanada.ca/fr/#website","url":"https://www.riacanada.ca/fr/","name":"Responsible Investment Association","description":"Canada&#039;s membership network for responsible investment","potentialAction":[{"@type":"SearchAction","target":{"@type":"EntryPoint","urlTemplate":"https://www.riacanada.ca/fr/?s={search_term_string}"},"query-input":"required name=search_term_string"}],"inLanguage":"fr-FR"}]}</script>
<!-- / Yoast SEO plugin. -->

Responsable de la Recherche ESG, de l’engagement actionnarial et de la politique de vote d’Amundi Caroline Le Meaux a rejoint Amundi le 1er juillet 2019 et prend la responsabilité de l’équipe Recherche, engagement et vote ESG. Elle était auparavant responsable des investissements long terme au sein de la direction des retraites et de la solidarité [&hellip;]
